{"id":23,"date":"2011-01-21T19:29:24","date_gmt":"2011-01-21T23:59:24","guid":{"rendered":"http:\/\/saunasyosika.com\/site\/?page_id=23"},"modified":"2011-02-02T08:42:07","modified_gmt":"2011-02-02T13:12:07","slug":"servicios","status":"publish","type":"page","link":"https:\/\/webanterior.saunasyosika.com\/?page_id=23","title":{"rendered":"Servicios"},"content":{"rendered":"<p><img decoding=\"async\" loading=\"lazy\" class=\"alignright\" src=\"http:\/\/saunasyosika.com\/site\/wp-content\/uploads\/sa1.jpg\" alt=\"\" width=\"408\" height=\"275\" \/><\/p>\n<p>-Le ofrecemos asesor\u00eda para optimizar la utilizaci\u00f3n<!--more--> de su sauna o cuarto de vapor.<br \/>\n-Revisi\u00f3n t\u00e9cnica, mantenimiento y reparaci\u00f3n de los equipos.<br \/>\n-Suministro de repuestos.<\/p>\n<p><em><br \/>\n<\/em><\/p>\n","protected":false},"excerpt":{"rendered":"<p>-Le ofrecemos asesor\u00eda para optimizar la utilizaci\u00f3n<\/p>\n","protected":false},"author":1,"featured_media":0,"parent":0,"menu_order":0,"comment_status":"closed","ping_status":"closed","template":"template-fullwidth.php","meta":[],"_links":{"self":[{"href":"https:\/\/webanterior.saunasyosika.com\/index.php?rest_route=\/wp\/v2\/pages\/23"}],"collection":[{"href":"https:\/\/webanterior.saunasyosika.com\/index.php?rest_route=\/wp\/v2\/pages"}],"about":[{"href":"https:\/\/webanterior.saunasyosika.com\/index.php?rest_route=\/wp\/v2\/types\/page"}],"author":[{"embeddable":true,"href":"https:\/\/webanterior.saunasyosika.com\/index.php?rest_route=\/wp\/v2\/users\/1"}],"replies":[{"embeddable":true,"href":"https:\/\/webanterior.saunasyosika.com\/index.php?rest_route=%2Fwp%2Fv2%2Fcomments&post=23"}],"version-history":[{"count":17,"href":"https:\/\/webanterior.saunasyosika.com\/index.php?rest_route=\/wp\/v2\/pages\/23\/revisions"}],"predecessor-version":[{"id":73,"href":"https:\/\/webanterior.saunasyosika.com\/index.php?rest_route=\/wp\/v2\/pages\/23\/revisions\/73"}],"wp:attachment":[{"href":"https:\/\/webanterior.saunasyosika.com\/index.php?rest_route=%2Fwp%2Fv2%2Fmedia&parent=23"}],"curies":[{"name":"wp","href":"https:\/\/api.w.org\/{rel}","templated":true}]}}